e the first derivative of u**3/3 + 4. What is the units digit of t(2)?
4
Suppose 4*r = 10 + 90. Suppose -5*s = 4*y - 11, 2*s - 7*s + 5*y - r = 0. Let b = 8 + s. What is the units digit of b?
7
Let p(y) = 16*y**3 + 2*y**2 - 1. What is the units digit of p(1)?
7
Let b(i) = i**3 - 2*i**2 - 2*i + 1. Let t be b(3). Suppose -t*x + 2 = -2*g - 2, g + 5 = 5*x. Suppose g = 2*w - w - 11. What is the units digit of w?
1
Let f = -8 + 13. What is the units digit of (4 - (-2 + f))*7?
7
Suppose l + 1 - 3 = 0. Let p(o) = -4 - 3*o**2 - 2*o**2 + 6*o + 4*o**l. What is the units digit of p(4)?
4
Suppose -208 = -y - y. What is the tens digit of y?
0
Let r(v) = -v - 7. Let w be r(-10). Suppose 0 = -0*z - 2*z, w*k + 3*z - 9 = 0. Suppose t - 4 = k. What is the units digit of t?
7
Let i(g) = 5*g - 6. Let v(l) = -6*l + 6. Let k(z) = 3*i(z) + 2*v(z). What is the units digit of k(5)?
9
Let x(p) = 10*p**2 - 2*p + 23. What is the units digit of x(-5)?
3
Let l(y) = y + 16. Let c be l(-12). What is the units digit of 6/9*6/c?
1
Suppose 4*q - 125 - 207 = 0. What is the units digit of q?
3
Suppose -6*k = -2*k + 4. Let y be 2/2 - 2/k. Suppose -3*p + y = -6. What is the units digit of p?
3
Let t = -4 + 5. Let s be 2/6 + 24/9. Suppose -s*d = -7 + t. What is the units digit of d?
2
Let k(a) = -a**3 - 10*a**2 - 10*a - 11. Let f be k(-10). Suppose 5*d = -4*g + 4*d + f, 4*d - 80 = -4*g. What is the units digit of g?
3
Suppose -2*i + 11*w + 465 = 8*w, i - 235 = w. What is the tens digit of i?
4
Let b(w) = w**3 - 13*w**2 + 4*w + 17. What is the units digit of b(13)?
9
Let i(k) = 25*k + 7. What is the tens digit of i(3)?
8
Let y = 55 - 7. Suppose -x - 2*x + y = 0. Suppose 0 = -5*o - 2*t + 48, -t + 5*t = -2*o + x. What is the units digit of o?
0
Suppose t - 3*t = -8. Suppose 1 = -x - 3*w + 7, 0 = -3*x + t*w + 44. What is the tens digit of x?
1
Let i(c) be the third derivative of c**5/30 - c**4/12 - c**3/3 - 4*c**2. What is the units digit of i(2)?
2
Suppose -o + 20 = -3*o. Let v = o + 20. What is the units digit of v?
0
Let r = -3 + 5. Suppose -3*u = -2*u. Let k = r - u. What is the units digit of k?
2
Let y(a) = a**2 - 17*a + 16. What is the tens digit of y(17)?
1
Let m = 5 - 1. Suppose 0 = 4*c + i, 0*c - 2*c - m*i = -14. Let t = 2 + c. What is the units digit of t?
1
What is the units digit of ((-92)/8 + -5)/((-1)/2)?
3
Let d(l) = 2 + 6*l - 10*l - 2*l - 9*l. What is the units digit of d(-1)?
7
Let y = -69 + 87. What is the units digit of y?
8
Let g(c) = -1 + c**2 + 3 - 6*c + 3. Suppose 30 = 4*o + o. What is the units digit of g(o)?
5
Suppose 3*i - 12 - 18 = 0. What is the units digit of i?
0
Let j = 1 - 0. Let v = j - 3. What is the tens digit of (v/(-3))/((-1)/(-18))?
1
Let z = 1 - -2. Let p be (1 + 3)/(6/z). Suppose -w + 31 = -3*n, -25 - 29 = -4*w - p*n. What is the units digit of w?
6
Let o be 815/15 + (-2)/6. Suppose 0*j - o = -3*j. What is the units digit of j?
8
Let o be (-3)/2*(-8)/3. Suppose -r - o*a = -14, -a = -r + 3*r. What is the units digit of (-49)/(-4) - r/(-8)?
2
Suppose 2*h = 4*n - 18, 3*n - 4*n + 22 = -4*h. Let f(y) = -2*y + 2 + 7*y + 9*y**2 + y**3 + 3 - 3*y**2. What is the units digit of f(h)?
5
Suppose -3*u - u + 5*s + 36 = 0, -2*s - 28 = -5*u. Suppose u*t - 19 = 1. What is the units digit of t?
5
Let q = 290 + -127. What is the units digit of q?
3
Suppose 0 = -71*o + 73*o - 490. What is the units digit of o?
5
Suppose v - 5*j = 19, j = 2*v + 3*v - 23. What is the units digit of ((-2)/v)/(4/(-96))?
2
Let c = -22 - -32. Suppose -4*i + 51 = 5*s, -3*s + 82 = 4*i + 21. Let n = i - c. What is the units digit of n?
9
What is the units digit of (18/(-4))/(12/(-216))?
1
Suppose 0 = 3*f - 66 - 3. Suppose 11*o = 15*o + 44. Let q = f + o. What is the units digit of q?
2
Let b = -155 - -449. What is the tens digit of b?
9
Suppose 3*w - 2*z = 2*w + 52, 2*w + z = 79. What is the units digit of w?
2
Suppose 0 = -0*j + 3*j. Suppose 6*v - 2*v - 152 = j. Suppose -2*k - 5*u + 27 = -0*k, v = 3*k + 5*u. What is the units digit of k?
1
Let j = -62 - -236. What is the tens digit of j?
7
Suppose 0 = -0*c - c + 79. What is the units digit of c?
9
Let f(z) = z**3 + 7*z**2 - 8*z + 9. Let c be f(-8). What is the tens digit of (-2)/c + 380/9?
4
Let i be (-6)/18 - 19/(-3). Suppose 2*s = 3*b - 11 - 5, i = b - s. What is the units digit of b?
4
Suppose -2*j - 3*b + 54 = -b, -3*j = -2*b - 76. What is the units digit of j?
6
Suppose -2*g + 0*g + 68 = 0. What is the units digit of g?
4
Let i = 3 - 3. Suppose -3 = -d - i. What is the units digit of 2 + 0*d/6?
2
Let f(r) = 10*r. Let m = 6 - 5. What is the tens digit of f(m)?
1
Suppose -2*a + 12 = -3*x + 2, -2*a = -4*x - 10. Let u = 23 - a. What is the units digit of u?
8
Let s(j) be the third derivative of j**5/60 + j**4/2 - j**3/6 - 2*j**2. What is the units digit of s(-14)?
7
Suppose -5 = r, -5*r - 88 = -2*b - 3. Suppose d = -j + 4*d + b, -d = -3*j + 58. Let m = j - 3. What is the units digit of m?
5
Suppose 2*f - 16 = 3*b, 3*f - 26 = -0*b + 5*b. What is the units digit of 17*(f + -5)/(-3)?
7
Let f = -150 + 201. What is the tens digit of f?
5
What is the units digit of 7 + 4 + -2 + -1?
8
Let q = 1 - -9. Let n(h) = h**3 - 11*h**2 + 11*h - 5. What is the units digit of n(q)?
5
What is the units digit of 4 - 0 - (-5 + 9)/(-4)?
5
Suppose 2*h + 5*k = 26, 4*h + 0*k - 88 = -k. What is the units digit of h?
3
Suppose 0 = 4*c + 5*f - 319 - 166, 2*c + 4*f - 238 = 0. What is the hundreds digit of c?
1
What is the tens digit of 10/(9/108 - (-1 - -1))?
2
Let u = -72 - -104. What is the units digit of u?
2
Suppose 2*y + 5*z = -0 + 1, 0 = -3*y + 3*z + 12. Suppose -5*j - w = -13, -y = 2*j - 3*w + 2. Suppose -9 + 1 = -j*m. What is the units digit of m?
4
Suppose m + 0*m + 1 = 0. Let j = m - -2. Suppose -3*h + 17 = -j. What is the units digit of h?
6
Let w(z) = -z**3 - z + 36. What is the units digit of w(0)?
6
Let u(l) = l**3 + l**2 + 5*l - 5. Let b be u(4). Suppose -5*z - 5*p + b = 0, 0 = -3*z - 4*p - 6 + 65. What is the units digit of z?
7
Let g(q) = 5*q + 8. Let x(v) = -4*v - 8. Let s(m) = -2*g(m) - 3*x(m). What is the units digit of s(8)?
4
Let x = 8 - -1. What is the units digit of x?
9
Suppose -2*r - 4 = 4, 4*r + 18 = t. What is the units digit of t?
2
Suppose t + 4*h - 86 = 0, 2*h - 24 = -2*t + 130. Suppose 3*w - 56 = w + 2*x, -4*x + t = 2*w. What is the tens digit of w?
3
Let f = 52 + 72. What is the hundreds digit of f?
1
Suppose -m + 8 = d, -m + 2*m + 5*d = 28. Suppose 63 = 2*f + m. What is the tens digit of f?
3
Let w(a) = -a**3 + 5*a**2 + 2*a - 3. Let i = 0 + 5. What is the units digit of w(i)?
7
Suppose 62*c = 58*c + 640. What is the units digit of c?
0
Let t = 186 + -416. Let k = -62 - t. What is the units digit of (-2)/(-6)*k/4?
4
Suppose 0 = -m + 3*m - 4. Let n = m + 7. Suppose n*g - 4*g - 25 = 0. What is the units digit of g?
5
Suppose 0 = -v + 4*d + 24, d = 3*v - 0*d - 28. Let i be -2*22*(-6)/v. Suppose 5*m - 3 = -4*u + i, 2*m - 5*u = 21. What is the units digit of m?
8
Let t(b) = -b + 11. Let n be t(12). Let h be 6/(1 - n) - 6. What is the units digit of (20 - 2)*(-1)/h?
6
Let g(i) = -i**3 - 7*i**2 + 3*i + 8. Let w be g(-7). Let a be 2/(-4)*(-3 - w). Let p(z) = z**3 + 6*z**2 + 3*z + 2. What is the tens digit of p(a)?
1
What is the tens digit of 120/(-36)*54/(-10)?
1
Let q be (-3)/((-9)/(-6)) + -11. Let u = -11 - q. Suppose 0 = -3*l + u + 13, -4*l = 5*i - 55. What is the units digit of i?
7
Suppose 3 = y + 2. What is the units digit of y?
1
Let b(x) = x + 4. Let r = 3 + -3. Let u be b(r). Suppose v + 0*v + u*p = -12, 3*p = -15. What is the units digit of v?
8
Let t be (-2)/(-9) - (-34)/9. Suppose t*a + 6 = 14. What is the units digit of a?
2
Let m = 22 + -15. Let a(d) = d - 2. Let x be a(m). Let c = x - 4. What is the units digit of c?
1
Let d(p) = -2*p**3 - 5*p**2 + 5*p - 7. What is the tens digit of d(-5)?
9
Suppose -17 = -2*j + 31. What is the units digit of j?
4
Suppose 0 = -4*r + 9*r - 20. What is the units digit of r?
4
Let u(r) = -5*r. What is the tens digit of u(-4)?
2
Let d = -96 + 153. What is the units digit of d?
7
Let q = -6 + 6. Let t be (-106)/(-10) + (-4)/(-10). Suppose q = -5*y + t + 9. What is the units digit of y?
4
What is the hundreds digit of 5426/14 - 36/(-84)?
3
Let c(w) = -w**2 + 14*w - 13. Let p be c(13). Suppose -3*z +